 -11 - -15 - -1))?
25
Calculate 11 + (-7 - (-4 + (-3 - -7))) + 6.
10
What is the value of 5 - (-1 - 1 - (-1 + -5))?
1
What is the value of (-2 - (-26 + 2) - -4) + -12?
14
Evaluate (-5 - 0) + -1 + (9 - -3) + 0.
6
What is the value of 8 + (5 + 17 + -12 - 10)?
8
What is 2 - ((-10 - -6 - -3) + (-1 - 3))?
7
Calculate 20 + (-9 - -6) - (4 + (-1 - -2)).
12
Evaluate 5 + 8 + (13 + -7 - 13).
6
Calculate 8 + -5 + (-15 + (-3 - -10) - -8).
3
What is the value of -45 - (-68 + (7 - -22))?
-6
Calculate -2 + 1 - (-110 - -127).
-18
Calculate -244 - -252 - (0 - -19).
-11
Evaluate 4 - (4 + -12 + (-5 - -9 - -2)).
6
Calculate -9 + (37 - 41) - (-1 + -11).
-1
(5 - -1) + (124 - 121) + -39 - -6
-24
-11 - (1 + (-15 - -13) + 5 + -2)
-13
What is the value of 4 + 3 + 18 - 1?
24
Calculate 6 - ((-6 - (-3 - 0)) + (-3 - -11)).
1
What is the value of 55 + -49 + -1 + 5?
10
What is the value of (-18 - -14) + 12 + (-6 - (-5 - -21))?
-14
Calculate -12 + (11 - -1) - 1.
-1
Calculate 15 + (1 + -4 + 10 - 11).
11
What is 10 - (-6 + 12) - 7 - -3?
0
What is 20 + 1 - (-2 + 13 + -9)?
19
Calculate (-41 - -32) + -2 + 25.
14
What is 3 + 19 - (68 - 52)?
6
What is the value of -39 + -2 + 31 + (10 - 0)?
0
Calculate -11 + (1 - 3) + -29 + 40.
-2
16 + (-8 - -2) + (117 - 146)
-19
Calculate -7 + 8 + (3 - -3) + (10 - 5).
12
What is the value of 1 - (-69 + 22 - -25)?
23
What is the value of -2 + -3 + ((3 - 10) + -2 - -10)?
-4
-14 - -7 - (-20 + -1)
14
What is (61 - 89) + 16 + 0 + 3?
-9
Calculate (13 + -4 - 9) + 5 + (-7 - -2).
0
What is -17 + (11 - ((2 - -5) + 12 - 3))?
-22
Evaluate (-22 - -8) + (-2 + 2 - (-5 + 6)).
-15
What is 13 + (-2 + -3 - (48 - 43))?
3
(-16 - (-18 + -7)) + -8
1
What is (416 - 407) + -4 + -1?
4
What is the value of 71 - 47 - (-9 + 67)?
-34
What is -8 + -15 + 25 + 29 + -3 + 3?
31
What is (-1 - 8) + (-18 - -10 - -21)?
4
Evaluate 17 + (0 - 2) + (-2 - -4).
17
What is the value of 2 - 16 - (1 + -13 + 6 + 4)?
-12
What is (-6 - 11) + 16 - (2 + 3)?
-6
9 + 1 + -82 + 65 + -1
-8
-25 + (1 + 10 - -27) - (1 + -2)
14
What is the value of 6 - (-18 + 35 + 1)?
-12
What is the value of (17 - 2) + 2 - -4?
21
What is -9 + 0 + 20 - 7 - 14?
-10
Calculate -6 + 2 - (-11 + (4 - (-5 - 6))).
-8
What is 10 + (-1 + 0 - (63 - 60))?
6
What is the value of 34 + 28 + -25 + -54?
-17
Evaluate 5 - (-3 - -17) - (0 + 8).
-17
What is 7 + (-51 + 18 - 9)?
-35
What is the value of -22 + -23 + 1 + 50?
6
What is the value of 3 - ((-2 - 0) + (11 - 18))?
12
0 + -3 + -3 + (0 - -12)
6
What is the value of (-35 - -27) + (6 - -16) + 7?
21
3 - ((12 - 21) + 20)
-8
41 + 14 + -52 - (-3 - 0)
6
Evaluate 6 + -6 + 6 - (0 + -25).
31
(8 - (-6 - -13) - 2) + -4
-5
What is 2 - 7 - (21 + -10 - (0 - -5))?
-11
What is the value of (9 - -1) + (10 - 3) + -2?
15
What is 16 + -20 + -5 - (-25 - -2)?
14
What is -2 - 5 - (6 - ((-1 - 3) + 21))?
4
What is -3 - (-36 + -5) - 17?
21
Calculate 54 - (67 + -22) - (1 - -7).
1
Evaluate -21 + 44 + -35 + 15.
3
Calculate 1 + -3 - (5 - (8 + 12)) - 1.
12
28 + (-16 - (-15 + 14))
13
What is the value of (-3 - (-4 - -30)) + (34 - (0 - -25))?
-20
What is the value of 15 - 4 - 4 - 16 - (2 + -38)?
27
-10 - (-27 - -10 - -5)
2
What is -12 + 6 - (5 + -16 + 6)?
-1
Calculate (37 - 1) + (-77 - -49) + 17.
25
Evaluate (0 - -9) + (8 + -14 - 5).
-2
What is the value of -12 + -1 + -2 + 4 - (-42 + 45)?
-14
Calculate -3 - (-12 + 26 - (12 + -3)) - 24.
-32
What is the value of -5 - (9 + -9) - (27 + -10 + -9)?
-13
(12 - 2 - 26) + 6 + 35
25
Calculate (0 - 3) + (-29 - (-69 - -48)).
-11
What is the value of -11 - (15 - 55 - -24)?
5
Calculate (-2 - -14) + -8 + 10 - (-3 + 5).
12
What is the value of -17 - (-2 + 3 + -14)?
-4
-3 + -9 - -27 - 5
10
What is -4 + 1 + (15 - (10 + -7 - -33))?
-24
Calculate (-144 + 95 - -32) + 1 + 0.
-16
Calculate (8 - 3) + (13 - 18).
0
What is 2 + 0 + -3 + -23 + 30?
6
What is the value of -4 + -3 + -3 - (-4 - 1)?
-5
What is 8 + (2 - 15) + 3 + 3 + -14?
-13
Calculate 0 + (-3 + 9 - 1) + 7.
12
What is the value of -142 - -196 - (26 - -4)?
24
What is the value of (3 - (6 + -7)) + 3 + 4 + -4?
7
4 - ((10 - 18) + 0)
12
What is the value of -3 + (28 + -30 + 8 + 0 - -13)?
16
What is the value of 33 - (84 + -45) - (0 - 7)?
1
What is 58 + 4 + -2 + -44?
16
What is 272 + -274 + -1 + 35 + (3 - 12)?
23
What is 2 + 1 + -6 + 11?
8
What is -3 + (0 - (17 + (-7 - -6) + -2))?
-17
What is the value of -1 - (5 + 2) - ((-13 - -5) + -11)?
11
-6 + (14 - 17) - -18 - 12
-3
Calculate (-97 - -70) + 22 + -5.
-10
What is the value of 3 - 13 - (-7 + -10)?
7
(12 - (-21 + 17 + (-10 - -3))) + -11
12
Evaluate 7 + -10 + 17 + -7 + 16 + -5.
18
Evaluate (15 - 7) + -8 + 1 + 7.
8
What is -1 + -7 + -1 + -4 + (-60 - -64)?
-9
21 + (1 - (18 - -6))
-2
Calculate 1 + -9 + -1 + 0.
-9
Evaluate 5 + -7 + -11 + (8 - (-5 + 16)).
-16
What is the value of -12 + -27 + -16 + 56?
1
What is (-20 - (-13 + 4)) + (54 - 20)?
23
Calculate -257 + 252 + -2 + 2 + -2.
-7
Calculate -2 + 12 + -22 - -3.
-9
What is the value of -22 + 1 - (7 + -8 + (7 - 7))?
-20
What is the value of -15 + 7 - -21 - 17?
-4
(3 + 0 - (-2 - 3)) + (3 - 14)
-3
What is (8 - (-11 - 2)) + -9?
12
-5 + -3 - (9 - 15) - (-1 + 12)
-13
Calculate -29 + 11 + 1 - (-7 + 0 + 1).
-11
-7 + (-7 - (-1 - -5 - 13))
-5
What is (-3 + 1 - 1) + 7 + 4?
8
What is 2 - (-11 - (-16 - (-28 - -13)))?
12
What is (62 - (-13 + 61)) + (1 - 31)?
-16
14 - (12 - -17) - -11
-4
Evaluate 2 + -4 - -23 - (-838 + 848).
11
Calculate 3 + (-2 - (7 + -5) - -4) + -8.
-5
What is the value of 1 + (-15 - (12 + -25) - -10)?
9
Calculate (3 - (20 - -12)) + 8.
-21
What is (1 - 13) + 8 + (-10 - -5) - 7?
-16
What is the value of -27 + (28 - -4) + -20?
-15
What is 131 - 132 - (1 + 0)?
-2
Evaluate -22 + (-30 - -56) - -9.
13
90 - 86 - (2 + 11)
-9
Calculate -24 + (-19 - -11 - (-19 + 1)).
-14
What is -2 + (1 - 4) + (6 - -17)?
18
What is the value of (18 + -18 - -12) + (3 - -6)?
21
What is the value of -15 + 6 + 5 + (-12 - -9)?
-7
What is the value of (-60 - 9) + 35 - -17?
-17
What is (3 - (24 - 15)) + 3 + 1?
-2
Calculate (-10 - 6 - (-8 + -28)) + -1.
19
15 - 39 - ((-5 - (-8 - -4)) + -2)
-21
What is -5 + 0 + (227 - 211)?
11
What is the value of -2 - -6 - 2 - 8 - (2 + 3)?
-11
Calculate 7 - ((-8 - -3) + 8 - (4 + 4)).
12
Evaluate -1 - ((-14 - -2) + (16 - -30)).
-35
Evaluate -13 - (-15 + 6) - (-33 - -14).
15
Evaluate -10 + (12 - 7) + 3.
-2
(-42 + 94 - 71) + (6 - 1)
-14
What is the value of 3 - (24 - 20 - (2 - -1))?
2
Calculate -4 - (-29 - -17) - (-1 - -9 - 3).
3
Evaluate -36 - (-22 - 21) - (8 + -3).
2
Evaluate 17 + (0 - -1) - (-186 + 201).
3
What is (-2 - -3) + (-2 - -7) + 374 + -370?
10
Evaluate -14 + ((9 - -6) + -6 - 4) - -6.
-3
-86 + 73 - (-13 + 0)
0
Calculate (0 - -26) + (11 - (23 + -7 + -7)).
28
Evaluate -3 + 14 + 0 + 20 + 1.
32
Evaluate -4 + (3 - 1) + (-20 - (-26 + 6)).
-2
Calculate (2 + 1 - (28 + -11)) + -46 + 48.
-12
Evaluate 14 - (20 + -5) - (10 - 4 - 1).
-6
What is the value of (-16 + 2 - (-31 - -26)) + 19?
10
Evaluate (280 - 298) + (16 - 0).
-2
Evaluate -19 + 6 + 10 + 7.
4
Evaluate -7 + -2 + (31 + (-2 - 15) - 5).
0
Calculate (30 - 27) + -16 + 3.
-10
Evaluate (1 - -2 - 17) + (-12 - -17) + 1.
-8
6 + (-2 - 0) + (2 - -19 - 30)
-5
What is -9 + 6 + (-4 - -1 - (18 + -17))?
-7
What is the value of -8 - -3 - -16 - 4?
7
-15 + 0 - (3 + 23 + -19)
-22
Evaluate 68 + -81 - (2 - (-3 + (1 - -3))).
-14
What is the value of 1 + (9 + (10 - 32) - -5)?
-7
What is the value of 4 + -22 + 9 + 12 + 14?
17
Evaluate 61 + -56 - (0 - -8) - (-1 + -5).
3
Calculate 122 + -97 + (0 - 16) + -8.
1
What is the value of (-23 + 14 - -28) + -26?
-7
Evaluate -26 + 33 + (4 - 0).
11
Calculate 48 - 55 - (-4 + 2).
-5
What is the value of 3 + (113 - 112 - (-1 - -15))?
-10
Evaluate (48 - 9) + (7 - -8 - 16).
38
Calculate (-13 - (-13 - -11)) + 11 + 9.
9
Evaluate 0 - (-31 - (-10 - 1) - -13).
7
Calculate -1 + 11 + (-9 - (-35 - -25)).
11
What is -3 - -7 - (-4 + (6 - -1)) - 7?
-6
What is -27 + (28 + 13 - 45)?
-31
What is -18 + (5 - 14) + 17?
-10
Evaluate -48 + 78 + (8 - 2) + -18.
18
Evaluate 14 - (5 - (23 - 19)).
13
What is 19 - 1 - (45 + -18 + 1)?
-10
Evaluate 15 + (11 - 12) + -4 + (0 - -2).
12
Evaluate -4 + -8 + 5 + 8.
1
What is the value of 0 + -2 + -3 + -4?
-9
17 + (-8 - (-2 + -10))
21
What is 37 - (24 - -52) - -12?
-27
What is 4 - (2 + (7 - -6))?
-11
Calculate (-4 - (-1 + 2)) + 17 + -4 + -1.
7
What is the value of -29 + 6